 t be y(11). Let q = 345 - t. Calculate the highest common factor of 29 and q.
29
Suppose 2*x - k = -0 + 4, 0 = -5*k. Suppose -x*g - 5 = -41. What is the greatest common divisor of g and 48?
6
Let u = 20460 + -18808. What is the greatest common factor of 364 and u?
28
Let u(m) = 63*m + 21. Let g be u(7). Let w = -442 + g. Calculate the greatest common factor of w and 410.
10
Let a be ((-10)/15 - 0)/(8 - 2166/270). Calculate the greatest common factor of 5570 and a.
10
Let x = 9889 - 7042. What is the greatest common factor of 52 and x?
13
Suppose 0 = -8*k - k + 2088. Suppose -12*p = -16*p + k. What is the greatest common factor of 174 and p?
58
Let t(w) = 3*w + 2. Let i be t(6). Let y be (90/7)/((-4392)/(-11088) - 2/11). Calculate the greatest common factor of y and i.
20
Let u(r) = -20*r - 20. Let g be u(-3). Suppose -5*z = k + 25, 0*k + 17 = -k - z. Let s = k + g. What is the highest common factor of 50 and s?
25
Suppose 160*j = 175*j - 16500. Calculate the greatest common factor of 165 and j.
55
Let h = 16 + -13. Suppose 81 = 3*p + 3*z, -z = 2*p + h*z - 56. Let n = -33 - -72. Calculate the highest common divisor of p and n.
13
Let m(f) = 5*f**3 + 50*f**2 + 7*f + 71. Let g be m(-10). Calculate the highest common divisor of g and 2063.
1
Suppose 3012 = 19*p - 2726. Let y = 322 - p. Suppose 60 = 4*i - 2*i. Calculate the greatest common factor of i and y.
10
Let q be (2 - -26)/(-81 + 82). Calculate the highest common divisor of 686 and q.
14
Suppose -3 = -2*i + 159. Let c = 110 + -107. Suppose 33 = -0*t + 4*t - c*b, -23 = -3*t + 4*b. Calculate the greatest common divisor of i and t.
9
Let j = -382 - -3287. What is the greatest common factor of 35 and j?
35
Suppose 6 = 6*l - 4*l. Suppose m = l*z + 141, -4*m + m + z = -383. Suppose -11*o + m = -9*o. What is the highest common factor of 7 and o?
7
Let u be ((-1044)/(-406))/(2*11/(-28) - -1). What is the highest common factor of 8748 and u?
12
Let t = -36 - -38. Let z(c) = -6*c - 9 - 5*c + c - c**t + 7. Let s be z(-6). What is the highest common factor of s and 11?
11
Let d = 3 - 0. Let l(b) = -264*b + 6729. Let m be l(25). Calculate the highest common divisor of m and d.
3
Let l be (6 + -4)/((-2)/6). Let m = 333 - 163. Let x = m - l. Calculate the highest common divisor of x and 16.
16
Let k(s) = -s**2 - s - 1. Let x(c) = -2*c**2 + 17*c + 14. Let b(r) = -4*k(r) + x(r). Let d be b(-10). What is the highest common factor of 20 and d?
4
Suppose 0*o = 23*o - 15*o - 19312. What is the greatest common factor of o and 170?
34
Let r be -4 + 4 + 37 + 2. Suppose 15*n - 651 = -4*m + 10*n, -2*m = -n - 343. Calculate the highest common factor of m and r.
13
Let y(v) = 25*v**2 - 16*v - 1090. Let n be y(7). Suppose x = -3*g - 2*x + 3390, 3*g - 4*x = 3369. Calculate the highest common factor of g and n.
23
Let w(h) = h**2 - 7*h - 13. Let m(k) = -k**3 - 26*k**2 - 48*k + 9. Let v be m(-24). Let x be w(v). Calculate the greatest common divisor of 40 and x.
5
Let f(v) = v**2 - 15*v + 2. Let k be f(15). Suppose -7*j + 288 = k*j. Suppose -5*l + 121 = 41. Calculate the greatest common divisor of j and l.
16
Let p be (-1 + 0)/(9/(-351)). Suppose -4*a = w - p, 3*a - 29 - 29 = -2*w. What is the greatest common factor of 23 and w?
23
Let o be 2/(-2) + 3 + 1. Suppose -o*z + 17 + 7 = 0. Let q be ((-12)/(-7))/(72/336). What is the greatest common divisor of z and q?
8
Suppose 10834 = 98*n + 3386. Let h(b) = -18*b + 2. Let l be h(-2). What is the greatest common divisor of l and n?
38
Let r be -9*((-2)/3)/2. Let m(o) = 6*o**3 + o**2 - 5*o + 5. Let c be m(1). Let l be ((-30)/(-7) - 4)/(1/c). What is the highest common divisor of r and l?
1
Suppose 773 = -19*o - 158. Let w = 325 + o. Calculate the greatest common factor of w and 24.
12
Let c(l) = -6*l**3 - 4*l**3 - 3*l**3 - l**2 - 10*l**3 - 12*l**3. Let y be c(-1). Calculate the greatest common divisor of y and 17.
17
Suppose 0 = 5*d + 5, 9*x - 585 = 7*x - d. Let h = 307 - x. What is the greatest common divisor of 378 and h?
14
Suppose 42*a = 45*a - 3, 2*a - 3202 = -2*p. Calculate the highest common divisor of 1800 and p.
200
Let c = 29 - 134. Let b = c - -55. Let g = b + 61. What is the highest common divisor of g and 33?
11
Let p = 7066 + -6954. What is the greatest common factor of 14 and p?
14
Suppose 26*s - 50*s = 2232. Let c = -51 - s. Calculate the greatest common divisor of 18 and c.
6
Suppose 0 = -9*t - 4*t + 590 + 3310. Calculate the greatest common factor of 400 and t.
100
Suppose 204*x = -217*x + 147350. Suppose -2*z - 42 = -5*z. What is the highest common factor of x and z?
14
Let q(t) = t**2 - t + 18. Let y(g) = 10*g + 4. Let v be y(2). Let i be 18/2*(-4)/v*-4. Let n be q(i). What is the highest common factor of n and 12?
12
Let b(g) = 2*g**3 + 35*g**2 - 5*g + 11. Let c be b(-17). Suppose x - 77 = 4*q - 0, -5*x = 2*q - c. Calculate the greatest common divisor of 7 and x.
7
Suppose 2 = -2*h + 166 + 52. Calculate the greatest common factor of 1332 and h.
36
Suppose -3 = -3*p - p - t, 0 = -4*p - 2*t - 2. Let u be p/(-6)*58*-3. Suppose 2*r - 214 + u = 0. What is the greatest common divisor of 26 and r?
26
Let k = -37 - -37. Let s be k + (-7)/(-5) + 63/105. Suppose -v = 2*m - 49, s*v = -5*m - 0*v + 122. Calculate the highest common factor of m and 3.
3
Suppose 8*n + 23863 = -272*n + 75383. Let z be 4 + -2 + (-2 - 1). Let j(x) = -45*x + 1. Let y be j(z). Calculate the highest common factor of n and y.
46
Let k be (-160)/(-12)*(-96)/(-10). Suppose -4*q + 639 = -5*x, -409 = 3*x - 3*q + 7*q. Let n = 147 + x. Calculate the highest common divisor of n and k.
16
Let w = 2088 - 1089. Calculate the highest common divisor of w and 259.
37
Let g be 174/12 - 10 - 6/4. Suppose g*p - 49 = 53. What is the greatest common factor of 136 and p?
34
Let r(x) = -4*x**2 + 3*x**2 + x**3 + 2*x - 2 + x. Let b be r(2). Suppose -24*w + 20*w - d + 13 = 0, 5*d = 45. What is the greatest common divisor of w and b?
1
Suppose 3*s + 144 = 5*l, -9*l + 8*l + 24 = -3*s. What is the highest common factor of 282 and l?
6
Suppose -53*q = 51*q - 15184. Calculate the greatest common factor of q and 18.
2
Suppose 0 = -5*s - 5*c + 75, 7*s = 2*s + 4*c + 102. Let p be 3 + (-1 - 4) + 25*2. Let l = p + 6. Calculate the greatest common factor of s and l.
18
Let c(b) = -7*b + 4. Let q be c(-4). Let w(h) = -13*h - 24. Let i be w(6). Let z = i - -230. Calculate the greatest common factor of z and q.
32
Suppose 4*x - 187 = 45. Suppose s = -h + 100, 4*h - x = -s + 45. Suppose 24 = 2*z - z + 5*p, 4*p = 3*z - 15. Calculate the highest common factor of s and z.
9
Let y(m) = -m**3 - m**2 + 2*m - 1. Suppose 3*q - 26 - 88 = 0. Let k = -41 + q. Let n be y(k). What is the highest common factor of n and 121?
11
Let s be 156/15 + 8/(-20). Let m(j) = 4*j - 35. Let y be m(s). Suppose y*n - 10 - 10 = 0. Calculate the greatest common factor of 18 and n.
2
Suppose -2*w = 2*l - 332, -4*w - 3*l - 182 = -5*w. Suppose 135*h - 125*h - w = 0. Calculate the greatest common factor of 374 and h.
17
Suppose 8*a - 46 = 5*p + 4*a, -p = 2*a - 2. Let j be -39*(-2 - p/6). What is the highest common divisor of j and 9?
3
Let l = -74 + 71. Let z(k) = -10*k + 5. Let i be z(l). Calculate the highest common divisor of 175 and i.
35
Let t = -7346 + 7506. What is the highest common factor of 20 and t?
20
Let d = 36791 + -35141. Calculate the highest common factor of 462 and d.
66
Let s be (3/8)/1 - ((-90090)/144 + -12). Calculate the highest common factor of s and 1078.
22
Let z(x) = x + 20. Let l be z(-13). Suppose 0 = -0*q + q. Suppose -3*b + 127 = -b - 5*u, -4*u - 12 = q. Calculate the highest common factor of l and b.
7
Let t(i) = 1659*i + 7716. Let k be t(-4). Calculate the greatest common factor of 3480 and k.
120
Let f = -9243 - -11768. What is the highest common divisor of 75 and f?
25
Let j be (0 + 41 - -2) + 3 + -2. Let t = j + -46. Let x be 3 + (-1)/(t + 12/4). What is the highest common divisor of 18 and x?
2
Let z(u) = -2*u + 3*u + 51 - 2*u + 4*u. Let f be z(-9). Let y = f - 16. What is the highest common divisor of y and 56?
8
Let v(r) = r**3 - 4*r**2 - 5*r - 6. Let h be ((-12)/14)/((-3)/21). Let s be v(h). Suppose 0 = 7*c - 750 + 561. What is the greatest common divisor of s and c?
9
Suppose -185*w - 11*w - 5883 + 35283 = 0. Calculate the 